mber?
False
Let n(u) = -u**2 - u + 3. Let w be n(-4). Let q = 9 + w. Suppose 0*o = -3*o + 3*h + 111, o + 4*h - 42 = q. Is o a composite number?
True
Let z(p) = 13867*p**2 - 8*p - 3. Is z(-2) prime?
False
Let d be 63/18 - (-2)/4. Suppose 2*j - k = 15 + 62, -152 = -4*j + d*k. Is j prime?
False
Suppose 0 = -2*a + 6*a - 7604. Suppose -5*j - 2*v + a = 0, -925 = -3*j + 3*v + 203. Is j a composite number?
False
Let k(x) = x**2 - 13*x + 23. Let z be k(11). Is ((-278)/(-4))/(3/18*z) prime?
False
Suppose -1 = -2*m + 2*h + 3*h, -1 = -m + 3*h. Let j be 2835/10 + 1/m. Let s = j - 152. Is s a composite number?
False
Let h be 9 - ((7 - 7) + 2/2). Suppose -h*q + 8693 = -1299. Is q composite?
False
Let l(r) = -2*r**2 - 6*r - 5. Suppose 5*j + 17 = -23. Let p be l(j). Let f = 168 + p. Is f a prime number?
True
Let b be (-12)/30 + 69/(-15). Let i(j) = j + 5. Let x be i(b). Suppose -k = -4*o + 193, o - 61 = -x*o - 4*k. Is o a prime number?
False
Let v(b) = -4*b + 3*b**2 - b**2 + 0*b + 19. Let r = 113 - 100. Is v(r) a composite number?
True
Let c = 1310 - -1941. Is c prime?
True
Let g(i) = 2*i**2 + 3*i - 16. Let h be g(-4). Let y be ((-8)/6)/((-1)/3). Suppose y*m + h = 0, -6*m + m = -3*c + 782. Is c a prime number?
False
Let z = -12 + 3. Let h(i) = -668*i - 31. Is h(z) a composite number?
False
Let i = -32 + 19. Let f = 16 + i. Suppose -f*j + 6*j = 57. Is j prime?
True
Is (-5)/(-1) + (-11 - -13033) a prime number?
False
Let x(c) = -c**3 + 10*c**2 - 17*c + 11. Let k be x(8). Is (-5)/k - 163856/(-84) a prime number?
True
Is 2 + -4 - -26601 - (0 + 2) composite?
False
Suppose 75 = -2*j - 99. Let x be (-18)/(-12)*292/3. Let u = j + x. Is u composite?
False
Suppose 4*o + 4874 = 6*o + 2*a, -4*o - 2*a = -9748. Is o composite?
False
Let w(u) = -u**2 + 5*u - 1. Let t be w(3). Let l be 12516/10 + (-3)/t. Suppose -4*d - 5*i + 1666 = 0, 0*i + 3*i = -3*d + l. Is d a composite number?
False
Suppose 3*x + 668 + 229 = 0. Let j be 10/(-45) - x/9. Suppose -j - 53 = -2*l. Is l composite?
False
Let o(r) = -3*r**2 + 55*r + 3. Is o(13) a prime number?
True
Suppose 2*n = -5*g + 25, -4*n - 5*g + 25 = -5*n. Suppose 162 = -n*a - 6*a. Let o = 136 + a. Is o prime?
True
Suppose -19568 = -10*r - 1398. Suppose -f + 30 + r = 0. Is f a composite number?
False
Suppose 4*x = i + 3*i - 40, 5*i + x - 62 = 0. Let a be (-4)/i - (-968)/6. Let p = a + -110. Is p composite?
True
Suppose 194 = -2*a + 3*a. Suppose 3*d + 194 = 2*x - 2*d, a = 2*x + d. Is x prime?
True
Suppose -39998 = -26*o + 64184. Is o prime?
True
Suppose 0 = o - 6*o - 535. Suppose -154 = -18*p + 8162. Let l = p + o. Is l a prime number?
False
Suppose h - 181 = -3*g, -4*g + h - 303 = -9*g. Suppose -4*p = -4*i + g - 5, 4*p + 36 = 2*i. Suppose -i*z + 411 = -9*z. Is z a prime number?
False
Let q(d) be the third derivative of 679*d**5/60 + d**4/6 + 11*d**3/6 + 31*d**2. Is q(-2) a prime number?
True
Let b be (-2914 + 1)*(-15 - -14). Suppose 63*z = 60*z + b. Is z a composite number?
False
Let v = 36 + -34. Suppose -u = 2*n - 259, -v*u + 0*n - 2*n + 522 = 0. Is u prime?
True
Let y(v) = -5*v**3 - v**2 + 2*v. Let d be y(2). Let h = 86 + d. Is h a prime number?
False
Suppose -9 = 3*m - 6*m. Is (-446 + (0 - m))*(-2 + 1) a prime number?
True
Let g be (4/(-2))/((-2)/(-97)). Suppose -r = 4*p - 617, -152 = -2*p + p - r. Let a = p + g. Is a composite?
True
Suppose 200202 = 5*h - 4*g, 3*h + 2*g = 149551 - 29421. Is h a prime number?
False
Let a = -24 + 29. Suppose -257 - 488 = -a*t. Is t a prime number?
True
Suppose -4*i + 4*p = -12452, -p = -2*i + 4073 + 2158. Suppose -20*s = -22*s + i. Is s a prime number?
True
Let l be (-3)/12 + 44646/24. Let f = l - 1225. Is f a composite number?
True
Suppose 636662 = 215*t - 189*t. Is t a prime number?
False
Let a = 413 - 248. Let l = a + 418. Is l prime?
False
Let w be (4 + -4)*2/(-4). Suppose -3*b - 2*b + 110 = w. Is b composite?
True
Let i = -69 - -111. Suppose 4*k = -4*r + 4, 0 = -5*k - 4*r - 14 + 23. Suppose -k*n = -7*n + i. Is n composite?
True
Suppose 8*f = 9*f - 759. Let o = f + -494. Is o composite?
True
Let q = 10505 - 6898. Is q prime?
True
Let i = 55 + 16. Suppose 9*r - i = 55. Is r a composite number?
True
Let s = 11169 - 6622. Is s a composite number?
False
Let t = -34 + -45. Let g = t + 27. Let l = g + 131. Is l a prime number?
True
Suppose -14 = 3*s - 68. Let d be (s/(-2))/3 - -134. Let f = d - 78. Is f a composite number?
False
Let y(w) = 6*w**3 - 13*w**2 + 14*w - 5. Let f be y(10). Let p = -2676 + f. Is p a prime number?
False
Let y be ((-24)/10)/((-16)/3160). Suppose 861 = 5*n - y. Is n prime?
False
Suppose -3043 = -10*f + 56327. Is f prime?
False
Let o be -4*((-5)/(-2) + -3). Suppose 8 = -2*p + o*n, 8*p - 16 = 4*p - 4*n. Suppose 0 = 3*f + b - 633, -2*f = -p*f - b - 422. Is f prime?
True
Let m = -1894 + 4109. Is m a composite number?
True
Suppose 4 = -d - 14. Let i be (164/3)/((-6)/d). Is i - (-2 + 4)/(-1) a prime number?
False
Let k(q) = 5*q**2 - 21*q + 25. Let v(f) = 3*f**2 - 10*f + 12. Let u(w) = -6*k(w) + 11*v(w). Let l be u(16). Let n = l - 383. Is n a composite number?
True
Let o be -9*3/(-9) - -162. Suppose -2*c - o = 3*c. Is (-14)/(138/c + 4) prime?
False
Let x(y) = 458*y**3 + 5*y**2 + 2*y - 11. Is x(2) a prime number?
True
Let h(q) = 1130*q**3 - 4*q + 1. Is h(3) a prime number?
False
Suppose -1 = -5*j + 4. Let i be j/3 + 1/(-3). Suppose 2*p - 755 + 169 = i. Is p a prime number?
True
Let s(v) = 159*v**2 + 9*v + 2. Let k be s(-5). Is (k/(-12))/((-2)/6) composite?
False
Let n(q) be the third derivative of 67*q**4/12 - q**3/2 + 9*q**2. Is n(8) a composite number?
False
Let y(f) = 8*f**2 + 30*f + 43. Is y(33) prime?
False
Let x(f) = -f**3 - 8*f**2 - f - 11. Let u be x(-8). Let h(l) = -32*l - 3. Let n be h(u). Let b = n + 216. Is b prime?
False
Suppose -4*m = 2*z - 42430, m = 2*m + 3*z - 10605. Is ((-2)/3)/(-2 - m/(-5310)) prime?
False
Let s(l) = 2913*l + 710. Is s(13) composite?
True
Let i = 379 - -178. Is i prime?
True
Suppose 4*b - 14*b = -490. Suppose -2*h + 32 = -38. Let k = b - h. Is k prime?
False
Let o(r) = 9*r**3 - 6*r**2 - 18*r - 262. Is o(15) a composite number?
False
Let m = -36 + 54. Suppose -254 = 16*i - m*i. Is i prime?
True
Suppose 0 = 5*l + o + 3 + 1, 1 = -2*l - o. Let p = -1 - l. Is 2 + p + (-1275)/(-5) a composite number?
False
Suppose -p = 4*p - 40. Suppose i - 12 = -p. Is i composite?
True
Let m be 0/(-2) + (-18)/(-6). Let i be (-1)/(-1) + m + -2. Suppose 2*o = 2*x + 4*o - 624, -5*o + 639 = i*x. Is x composite?
False
Suppose -23*i = -34*i + 4499. Is i a composite number?
False
Let z(y) = -y**3 - 10*y**2 + 8*y + 9. Let p be z(-11). Let n be (-1)/(-7) - (-6882)/p. Suppose -n = -4*o + 20. Is o prime?
False
Let f be -8*((-399)/6)/7. Suppose -4*w + 5*s = 157, 4*w + 4*s + f + 72 = 0. Let i = w - -53. Is i prime?
False
Let p be 2 + -3200 - (5 - 8). Let m = 4593 + p. Suppose -m = -9*k + 3*k. Is k prime?
True
Let x(j) be the second derivative of j**7/1260 - 3*j**5/40 - j**4/3 + j. Let r(l) be the third derivative of x(l). Is r(7) a composite number?
False
Let m = -663 + 1242. Let x = -362 + m. Is x a prime number?
False
Let b = 3 - 5. Let k(c) be the first derivative of -21*c**2/2 - 5*c + 106. Is k(b) prime?
True
Let c = -41 + 60. Let f(g) = 167*g + 32. Is f(c) a composite number?
True
Suppose 3*k + x = 4*k - 415, 4*x + 824 = 2*k. Let m = 1053 - k. Is m a prime number?
False
Suppose 0 = -3*m - 9, -9*m + 42457 = 2*p - 6*m. Is p prime?
False
Let b = 33360 - 18769. Is b prime?
True
Let s = -683 + 2092. Is s a prime number?
True
Let g = 6742 + -1971. Is g prime?
False
Let d(k) = k**2 + 2*k - 4. Let q be d(-4). Let z(n) be the third derivative of n**6/120 - n**5/30 + n**4/12 - 5*n**3/6 + 203*n**2. Is z(q) a prime number?
False
Suppose -12*u + 11*u = -19. Let o = u - -2. Suppose -l - 47 = -4*y, 2*y - o = l + 4. Is y a prime number?
True
Let k = 28 - 26. Suppose -669 = -k*n - 247. Is n a composite number?
False
Let g be (-31)/(-8) + (-17)/(-136). Let y(h) = 3*h**2 - 6*h + 10. Is y(g) a prime number?
False
Let g(n) = -n**3 - 10*n**2 + 5*n + 13. Suppose 19 = 3*q - 2*q - 5*w, -w - 1 = 0. Let y = q - 25. Is g(y) a prime number?
True
Suppose -13*j + 7526 + 3901 = 0. Is j prime?
False
Let f(g) = 94*g - 3. Let q be f(7). Suppose -q = -0*u + 5*u. Let b = -66 - u. Is b a composite number?
True
Let 